{"id":95,"date":"2024-10-05T20:40:15","date_gmt":"2024-10-05T18:40:15","guid":{"rendered":"https:\/\/www.freundeskreis-benediktinerinnen.at\/wordpress\/?page_id=95"},"modified":"2026-03-27T17:40:43","modified_gmt":"2026-03-27T16:40:43","slug":"home","status":"publish","type":"page","link":"https:\/\/www.freundeskreis-benediktinerinnen.at\/","title":{"rendered":"Home"},"content":{"rendered":"<p>[et_pb_section fb_built=&#8220;1&#8243; admin_label=&#8220;Header&#8220; _builder_version=&#8220;4.27.2&#8243; _module_preset=&#8220;default&#8220; use_background_color_gradient=&#8220;on&#8220; background_color_gradient_stops=&#8220;rgba(10,10,10,0.5) 0%|rgba(0,0,0,0.6) 100%&#8220; background_color_gradient_overlays_image=&#8220;on&#8220; background_image=&#8220;https:\/\/www.freundeskreis-benediktinerinnen.at\/wp-content\/uploads\/2024\/10\/Panorama-Klosterhof-26.4.2013-scaled.jpg&#8220; custom_padding=&#8220;10vw||10vw||true|false&#8220; collapsed=&#8220;off&#8220; global_colors_info=&#8220;{}&#8220;][et_pb_row _builder_version=&#8220;4.27.2&#8243; _module_preset=&#8220;default&#8220; width=&#8220;51%&#8220; width_tablet=&#8220;80%&#8220; width_phone=&#8220;80%&#8220; width_last_edited=&#8220;on|desktop&#8220; max_width=&#8220;none&#8220; module_alignment=&#8220;center&#8220; animation_style=&#8220;fade&#8220; animation_duration=&#8220;1500ms&#8220; global_colors_info=&#8220;{}&#8220;][et_pb_column type=&#8220;4_4&#8243; _builder_version=&#8220;4.24.3&#8243; _module_preset=&#8220;default&#8220; global_colors_info=&#8220;{}&#8220;][et_pb_heading title=&#8220;Freundeskreis der Benediktinerinnen vom unbefleckten Herzens Mariens&#8220; _builder_version=&#8220;4.27.2&#8243; _module_preset=&#8220;85282836-e5cf-4a5b-a106-adbb136014e5&#8243; title_font=&#8220;&#8211;et_global_heading_font|600||||on|||&#8220; title_text_align=&#8220;center&#8220; title_text_color=&#8220;#FFFFFF&#8220; title_font_size=&#8220;3vw&#8220; title_letter_spacing=&#8220;1px&#8220; width=&#8220;100%&#8220; max_width=&#8220;100%&#8220; module_alignment=&#8220;center&#8220; animation_style=&#8220;fade&#8220; animation_duration=&#8220;1500ms&#8220; global_colors_info=&#8220;{}&#8220;][\/et_pb_heading][et_pb_text _builder_version=&#8220;4.27.2&#8243; _module_preset=&#8220;a2c88900-0aa7-42d4-b4ad-b776e02cdeaa&#8220; text_font=&#8220;|600|||||||&#8220; text_font_size=&#8220;22px&#8220; text_letter_spacing=&#8220;1px&#8220; text_orientation=&#8220;center&#8220; global_colors_info=&#8220;{}&#8220;]<\/p>\n<p>Steinerkirchen an der Traun<\/p>\n<p>[\/et_pb_text][\/et_pb_column][\/et_pb_row][\/et_pb_section][et_pb_section fb_built=&#8220;1&#8243; admin_label=&#8220;About&#8220; _builder_version=&#8220;4.27.2&#8243; _module_preset=&#8220;default&#8220; background_color=&#8220;#D6D6D6&#8243; collapsed=&#8220;off&#8220; global_colors_info=&#8220;{}&#8220;][et_pb_row _builder_version=&#8220;4.27.2&#8243; _module_preset=&#8220;default&#8220; global_colors_info=&#8220;{}&#8220;][et_pb_column type=&#8220;4_4&#8243; _builder_version=&#8220;4.27.2&#8243; _module_preset=&#8220;default&#8220; global_colors_info=&#8220;{}&#8220;][et_pb_text _builder_version=&#8220;4.27.4&#8243; _module_preset=&#8220;default&#8220; text_text_color=&#8220;#000000&#8243; text_font_size=&#8220;15px&#8220; text_orientation=&#8220;justified&#8220; global_colors_info=&#8220;{}&#8220;]<\/p>\n<p><span>\u00dcber 70 Jahre erstreckt sich das vielf\u00e4ltige Wirken der Benediktinerinnen von Steinerkirchen in \u00d6sterreich, Brasilien und anderen L\u00e4ndern. Waren die Schwestern in fr\u00fcheren Jahrzehnten in mehr als 40 Pfarren bzw. Einrichtungen mitten unter den Menschen t\u00e4tig, ist nun das Mutterhaus in Steinerkirchen der Lebensmittelpunkt der meisten Ordensangeh\u00f6rigen.<\/span><\/p>\n<p><span>Angesichts der \u00e4lter und kleiner werdenden Gemeinschaft soll das Kloster auch in Zukunft ein spiritueller Lebensraum und ein gastfreundliches und offenes Haus f\u00fcr viele sein. Daf\u00fcr braucht es Menschen, die dieses Anliegen mit- und weitertragen.<\/span><\/p>\n<p><span>Der V<\/span><span>erein<\/span><span>\u00a0\u201eFreundeskreis der Benediktinerinnen vom Unbefleckten Herzen Mariens\u201c\u00a0<\/span><span>begleitet, f\u00f6rdert und unterst\u00fctzt\u00a0<\/span><span>die Schwesterngemeinschaft und die zuk\u00fcnftige Entwicklung des Klosters<\/span><span>.<\/span><\/p>\n<p>[\/et_pb_text][\/et_pb_column][\/et_pb_row][et_pb_row column_structure=&#8220;1_2,1_2&#8243; _builder_version=&#8220;4.27.2&#8243; _module_preset=&#8220;default&#8220; global_colors_info=&#8220;{}&#8220;][et_pb_column type=&#8220;1_2&#8243; _builder_version=&#8220;4.27.2&#8243; _module_preset=&#8220;default&#8220; global_colors_info=&#8220;{}&#8220;][et_pb_accordion _builder_version=&#8220;4.27.6&#8243; _module_preset=&#8220;default&#8220; toggle_text_color=&#8220;#0C71C3&#8243; toggle_font=&#8220;|600|||||||&#8220; body_text_color=&#8220;#000000&#8243; hover_enabled=&#8220;0&#8243; box_shadow_style=&#8220;preset1&#8243; box_shadow_vertical=&#8220;0px&#8220; box_shadow_blur=&#8220;0px&#8220; box_shadow_spread=&#8220;2px&#8220; box_shadow_color=&#8220;#70232b&#8220; locked=&#8220;off&#8220; global_colors_info=&#8220;{}&#8220; sticky_enabled=&#8220;0&#8243;][et_pb_accordion_item title=&#8220;Termine 2026&#8243; open=&#8220;on&#8220; icon_color=&#8220;#0C71C3&#8243; toggle_icon=&#8220;&#x49;||divi||400&#8243; _builder_version=&#8220;4.27.5&#8243; _module_preset=&#8220;default&#8220; hover_enabled=&#8220;0&#8243; global_colors_info=&#8220;{}&#8220; sticky_enabled=&#8220;0&#8243;]<\/p>\n<p>23. Mai 2026 &#8211; Pilgerwanderung f\u00fcr alle Vereinsmitglieder auf dem Benediktweg von Lambach nach Wels<\/p>\n<p>Am 12. M\u00e4rz fand im Festsaal des Klosters ein bemerkenswerter Vortrag von Prof. Andreas Gruber, Drehbuchautor, Film- und Fernsehregisseur zum Thema Menschenrechte statt. Vielen Dank an die zahlreichen Besucher.\u00a0<\/p>\n<p><img loading=\"lazy\" decoding=\"async\" src=\"https:\/\/www.freundeskreis-benediktinerinnen.at\/wp-content\/uploads\/2026\/02\/2026-Postwurf-A4-Menschenrechte_web-213x300.jpg\" width=\"213\" height=\"300\" alt=\"\" class=\"wp-image-451 alignnone size-medium\" \/><\/p>\n<p>&nbsp;<\/p>\n<p>[\/et_pb_accordion_item][et_pb_accordion_item title=&#8220;Photovoltaik Anlage im Kloster&#8220; icon_color=&#8220;#0C71C3&#8243; toggle_icon=&#8220;&#x49;||divi||400&#8243; _builder_version=&#8220;4.27.4&#8243; _module_preset=&#8220;default&#8220; global_colors_info=&#8220;{}&#8220; open=&#8220;off&#8220;]<\/p>\n<p>Nach einer l\u00e4ngeren Planungsphase, bei der sich Franz Stacheneder aus dem Freundeskreis mit seinem Knowhow sehr engagierte, ist seit 15. Mai 2025 eine PV-Anlage in Betrieb. Sie soll helfen, etwa ein Drittel des Jahresstromverbrauchs abzudecken. Auf dem Dach des Benediktushauses &#8211; von unten nicht einsehbar &#8211; und auf der R\u00fcckseite des Garagentrakts wurden gesamt 132 Module mit 59\u00a0kWp Leistung angebracht. Angeschafft wurde zudem ein Stromspeicher mit 66 kWh Nennkapazit\u00e4t.<\/p>\n<p>Im Zuge der Errichtung der Anlage war auch eine gr\u00f6\u00dfere Investition bei der Elektrotechnik notwendig (Erneuerung von Hauptverteilung und Wandlermessung). So musste das Kloster in der Karwoche f\u00fcr 26 Stunden \u201evom Netz\u201c \u2013 eine geplante Blackout-\u00dcbung sozusagen. Das vorhandene gro\u00dfe Notstromaggregat war in manchem eine gute \u00dcberbr\u00fcckung und dank der au\u00dfergew\u00f6hnlich warmen Temperaturen an diesen Tagen brauchte niemand frieren.<\/p>\n<p>Planung und Durchf\u00fchrung der Arbeiten erfolgten durch die Firma ETECH aus Linz.<br \/><img loading=\"lazy\" decoding=\"async\" src=\"https:\/\/www.freundeskreis-benediktinerinnen.at\/wp-content\/uploads\/2025\/05\/2025-04-24-15-21-11-347-300x169.png\" width=\"300\" height=\"169\" alt=\"\" class=\"wp-image-384 alignnone size-medium\" \/><\/p>\n<p>[\/et_pb_accordion_item][\/et_pb_accordion][\/et_pb_column][et_pb_column type=&#8220;1_2&#8243; _builder_version=&#8220;4.27.2&#8243; _module_preset=&#8220;default&#8220; global_colors_info=&#8220;{}&#8220;][et_pb_accordion disabled_on=&#8220;off|off|off&#8220; _builder_version=&#8220;4.27.5&#8243; _module_preset=&#8220;default&#8220; toggle_text_color=&#8220;#0C71C3&#8243; toggle_font=&#8220;|600|||||||&#8220; body_text_color=&#8220;#000000&#8243; box_shadow_style=&#8220;preset1&#8243; box_shadow_vertical=&#8220;0px&#8220; box_shadow_blur=&#8220;0px&#8220; box_shadow_spread=&#8220;2px&#8220; box_shadow_color=&#8220;#70232b&#8220; locked=&#8220;off&#8220; global_colors_info=&#8220;{}&#8220;][et_pb_accordion_item title=&#8220;Stellenausschreibung&#8220; open=&#8220;on&#8220; icon_color=&#8220;#0C71C3&#8243; toggle_icon=&#8220;&#x49;||divi||400&#8243; _builder_version=&#8220;4.27.5&#8243; _module_preset=&#8220;default&#8220; global_colors_info=&#8220;{}&#8220;]<\/p>\n<div class=\"\" id=\"content\">\n<div class=\"accordion_default  sqrallwaysboxed\">\n<div class=\"accordionarea\" id=\"w7e511613232f0001bb1c23b1480a652\">\n<div class=\"\">\n<div class=\"paragraph\">\n<p><strong>Infos und Download durch Anklicken<\/strong><\/p>\n<p><a href=\"https:\/\/www.freundeskreis-benediktinerinnen.at\/wp-content\/uploads\/2026\/02\/Stellenausschreibung-FSBA-Feb-2026.pdf\" style=\"font-size: 14px;\"><strong>1 <\/strong>Fachsozialbetreuer\/in Altenarbeit 25-30 WoStd<\/a><\/p>\n<p><strong> <\/strong><a href=\"https:\/\/www.freundeskreis-benediktinerinnen.at\/wp-content\/uploads\/2026\/02\/Stellenausschreibung-Hilfskraft-2026.pdf\"><strong>2 <\/strong>Mitarbeiter\/in (Hilfskraft) 25 bis 30 WoStd<\/a><\/p>\n<p><img loading=\"lazy\" decoding=\"async\" src=\"https:\/\/www.freundeskreis-benediktinerinnen.at\/wp-content\/uploads\/2026\/02\/Aushang-Stellenausschreibung-kurz-212x300.jpg\" width=\"212\" height=\"300\" alt=\"\" class=\"wp-image-470 alignnone size-medium\" \/><\/p>\n<p><strong><span>Bewerbungsanschrift:<\/span><\/strong><br \/>Benediktinerinnen v.U.H.M.<br \/>Sr. Marta Bayer<br \/>Kirchenplatz 2<br \/>4652 Steinerkirchen an der Traun<br \/>oekonomin@benediktinerinnen.at<\/p>\n<\/div>\n<\/div>\n<\/div>\n<\/div>\n<\/div>\n<p>[\/et_pb_accordion_item][\/et_pb_accordion][et_pb_accordion disabled_on=&#8220;on|on|on&#8220; _builder_version=&#8220;4.27.5&#8243; _module_preset=&#8220;default&#8220; toggle_text_color=&#8220;#0C71C3&#8243; toggle_font=&#8220;|600|||||||&#8220; body_text_color=&#8220;#000000&#8243; box_shadow_style=&#8220;preset1&#8243; box_shadow_vertical=&#8220;0px&#8220; box_shadow_blur=&#8220;0px&#8220; box_shadow_spread=&#8220;2px&#8220; box_shadow_color=&#8220;#70232b&#8220; disabled=&#8220;on&#8220; locked=&#8220;off&#8220; global_colors_info=&#8220;{}&#8220;][et_pb_accordion_item title=&#8220;Stellenausschreibung&#8220; open=&#8220;on&#8220; icon_color=&#8220;#0C71C3&#8243; toggle_icon=&#8220;&#x49;||divi||400&#8243; _builder_version=&#8220;4.27.4&#8243; _module_preset=&#8220;default&#8220; global_colors_info=&#8220;{}&#8220;]<\/p>\n<div class=\"\" id=\"content\">\n<div class=\"accordion_default  sqrallwaysboxed\">\n<div class=\"accordionarea\" id=\"w7e511613232f0001bb1c23b1480a652\">\n<div class=\"\">\n<div class=\"paragraph\">\n<p>Derzeit keine Stellenangebote<\/p>\n<\/div>\n<\/div>\n<\/div>\n<\/div>\n<\/div>\n<div class=\"\" id=\"sidebarright\">\n<div class=\"sqrmobilefullwidth \">\n<div class=\"paragraph\">\n<div id=\"w7e350510013463f6105025514036008\" class=\"ngslideshow\" data-cropmain=\"1.3333333333333\" data-cropthumbs=\"1\" data-ngnavigationstyle=\"Bullet\" data-ngautochangedelay=\"4\" data-changeeffect=\"Fade\">\n<div class=\"ngslideshowbullet ngslideshowrightbullet\"><\/div>\n<\/div>\n<\/div>\n<\/div>\n<\/div>\n<p>[\/et_pb_accordion_item][\/et_pb_accordion][et_pb_accordion _builder_version=&#8220;4.27.4&#8243; _module_preset=&#8220;default&#8220; toggle_text_color=&#8220;#0C71C3&#8243; toggle_font=&#8220;|600|||||||&#8220; body_text_color=&#8220;#000000&#8243; box_shadow_style=&#8220;preset1&#8243; box_shadow_vertical=&#8220;0px&#8220; box_shadow_blur=&#8220;0px&#8220; box_shadow_spread=&#8220;2px&#8220; box_shadow_color=&#8220;#70232b&#8220; locked=&#8220;off&#8220; global_colors_info=&#8220;{}&#8220;][et_pb_accordion_item title=&#8220;Generalversammlung&#8220; open=&#8220;on&#8220; icon_color=&#8220;#0C71C3&#8243; toggle_icon=&#8220;&#x49;||divi||400&#8243; _builder_version=&#8220;4.27.4&#8243; _module_preset=&#8220;default&#8220; global_colors_info=&#8220;{}&#8220;]<\/p>\n<div class=\"\" id=\"content\">\n<div class=\"accordion_default  sqrallwaysboxed\">\n<div class=\"accordionarea\" id=\"w7e511613232f0001bb1c23b1480a652\">\n<div class=\"\">\n<div class=\"paragraph\">\n<p>Am Do. 9. Okt. 2025 fand die ordentliche Generalversammlung statt. Der Vorstand legte Rechenschaft der letzten Periode ab. Bei den Neuwahlen wurde der Vorstand einstimmig best\u00e4tigt.<\/p>\n<p><em>Bild: Dank von Priorin Sr. Hanna Jurman an die Vorsitzende Maria Sumereder (Foto: Ecklbauer)<br \/><img loading=\"lazy\" decoding=\"async\" src=\"https:\/\/www.freundeskreis-benediktinerinnen.at\/wp-content\/uploads\/2025\/10\/GV-9.10-1-165x300.jpg\" width=\"165\" height=\"300\" alt=\"\" class=\"wp-image-427 alignnone size-medium\" \/><br \/><\/em><\/p>\n<\/div>\n<\/div>\n<\/div>\n<\/div>\n<\/div>\n<p>[\/et_pb_accordion_item][\/et_pb_accordion][\/et_pb_column][\/et_pb_row][et_pb_row column_structure=&#8220;1_4,3_4&#8243; use_custom_gutter=&#8220;on&#8220; gutter_width=&#8220;1&#8243; _builder_version=&#8220;4.27.2&#8243; _module_preset=&#8220;default&#8220; width=&#8220;38%&#8220; module_alignment=&#8220;center&#8220; global_colors_info=&#8220;{}&#8220;][et_pb_column type=&#8220;1_4&#8243; _builder_version=&#8220;4.27.2&#8243; _module_preset=&#8220;default&#8220; global_colors_info=&#8220;{}&#8220;][et_pb_social_media_follow _builder_version=&#8220;4.27.2&#8243; _module_preset=&#8220;default&#8220; global_colors_info=&#8220;{}&#8220;][et_pb_social_media_follow_network social_network=&#8220;facebook&#8220; url=&#8220;https:\/\/www.facebook.com\/profile.php?id=100070960405894&#8243; _builder_version=&#8220;4.27.2&#8243; _module_preset=&#8220;default&#8220; background_color=&#8220;#3b5998&#8243; global_colors_info=&#8220;{}&#8220; follow_button=&#8220;off&#8220; url_new_window=&#8220;on&#8220;]facebook[\/et_pb_social_media_follow_network][\/et_pb_social_media_follow][\/et_pb_column][et_pb_column type=&#8220;3_4&#8243; _builder_version=&#8220;4.27.2&#8243; _module_preset=&#8220;default&#8220; global_colors_info=&#8220;{}&#8220;][et_pb_text _builder_version=&#8220;4.27.2&#8243; _module_preset=&#8220;default&#8220; text_font=&#8220;|600|||||||&#8220; text_text_color=&#8220;#000000&#8243; text_letter_spacing=&#8220;1px&#8220; global_colors_info=&#8220;{}&#8220;]<\/p>\n<p>Besuchen Sie auch unsere facebook Seite<\/p>\n<p>[\/et_pb_text][\/et_pb_column][\/et_pb_row][\/et_pb_section]<\/p>\n","protected":false},"excerpt":{"rendered":"<p>Steinerkirchen an der Traun\u00dcber 70 Jahre erstreckt sich das vielf\u00e4ltige Wirken der Benediktinerinnen von Steinerkirchen in \u00d6sterreich, Brasilien und anderen L\u00e4ndern. Waren die Schwestern in fr\u00fcheren Jahrzehnten in mehr als 40 Pfarren bzw. Einrichtungen mitten unter den Menschen t\u00e4tig, ist nun das Mutterhaus in Steinerkirchen der Lebensmittelpunkt der meisten Ordensangeh\u00f6rigen. Angesichts der \u00e4lter und kleiner [&hellip;]<\/p>\n","protected":false},"author":1,"featured_media":0,"parent":0,"menu_order":0,"comment_status":"closed","ping_status":"closed","template":"","meta":{"_et_pb_use_builder":"on","_et_pb_old_content":"","_et_gb_content_width":"","footnotes":""},"class_list":["post-95","page","type-page","status-publish","hentry"],"_links":{"self":[{"href":"https:\/\/www.freundeskreis-benediktinerinnen.at\/index.php?rest_route=\/wp\/v2\/pages\/95","targetHints":{"allow":["GET"]}}],"collection":[{"href":"https:\/\/www.freundeskreis-benediktinerinnen.at\/index.php?rest_route=\/wp\/v2\/pages"}],"about":[{"href":"https:\/\/www.freundeskreis-benediktinerinnen.at\/index.php?rest_route=\/wp\/v2\/types\/page"}],"author":[{"embeddable":true,"href":"https:\/\/www.freundeskreis-benediktinerinnen.at\/index.php?rest_route=\/wp\/v2\/users\/1"}],"replies":[{"embeddable":true,"href":"https:\/\/www.freundeskreis-benediktinerinnen.at\/index.php?rest_route=%2Fwp%2Fv2%2Fcomments&post=95"}],"version-history":[{"count":79,"href":"https:\/\/www.freundeskreis-benediktinerinnen.at\/index.php?rest_route=\/wp\/v2\/pages\/95\/revisions"}],"predecessor-version":[{"id":474,"href":"https:\/\/www.freundeskreis-benediktinerinnen.at\/index.php?rest_route=\/wp\/v2\/pages\/95\/revisions\/474"}],"wp:attachment":[{"href":"https:\/\/www.freundeskreis-benediktinerinnen.at\/index.php?rest_route=%2Fwp%2Fv2%2Fmedia&parent=95"}],"curies":[{"name":"wp","href":"https:\/\/api.w.org\/{rel}","templated":true}]}}