{"id":15,"date":"2024-09-30T23:53:28","date_gmt":"2024-09-30T21:53:28","guid":{"rendered":"https:\/\/www.freundeskreis-benediktinerinnen.at\/wordpress\/?page_id=15"},"modified":"2026-03-28T18:33:01","modified_gmt":"2026-03-28T17:33:01","slug":"verein","status":"publish","type":"page","link":"https:\/\/www.freundeskreis-benediktinerinnen.at\/?page_id=15","title":{"rendered":"Verein"},"content":{"rendered":"<p>[et_pb_section fb_built=&#8220;1&#8243; _builder_version=&#8220;4.27.2&#8243; _module_preset=&#8220;default&#8220; background_color=&#8220;#d6d6d6&#8243; background_enable_image=&#8220;off&#8220; global_colors_info=&#8220;{}&#8220;][et_pb_row column_structure=&#8220;3_5,2_5&#8243; _builder_version=&#8220;4.27.2&#8243; _module_preset=&#8220;default&#8220; global_colors_info=&#8220;{}&#8220;][et_pb_column type=&#8220;3_5&#8243; _builder_version=&#8220;4.27.2&#8243; _module_preset=&#8220;default&#8220; global_colors_info=&#8220;{}&#8220;][et_pb_accordion _builder_version=&#8220;4.27.6&#8243; _module_preset=&#8220;default&#8220; body_text_color=&#8220;#70232b&#8220; width=&#8220;106.3%&#8220; custom_margin=&#8220;|-61px||||&#8220; hover_enabled=&#8220;0&#8243; global_colors_info=&#8220;{}&#8220; sticky_enabled=&#8220;0&#8243;][et_pb_accordion_item title=&#8220;Ziele&#8220; open=&#8220;on&#8220; open_toggle_text_color=&#8220;#70232b&#8220; closed_toggle_text_color=&#8220;#0C71C3&#8243; icon_color=&#8220;#0C71C3&#8243; toggle_icon=&#8220;&#x49;||divi||400&#8243; _builder_version=&#8220;4.27.2&#8243; _module_preset=&#8220;default&#8220; body_text_color=&#8220;#70232b&#8220; box_shadow_style=&#8220;preset1&#8243; box_shadow_vertical=&#8220;0px&#8220; box_shadow_blur=&#8220;0px&#8220; box_shadow_spread=&#8220;2px&#8220; box_shadow_color=&#8220;#70232b&#8220; global_colors_info=&#8220;{}&#8220; toggle_font=&#8220;|600|||||||&#8220;]<\/p>\n<ul class=\"list\">\n<li><span>d<\/span><span>as Kloster als Lebens- und Glaubensraum in der Region zu vernetzen<\/span><\/li>\n<li><span>d<\/span><span>as Kloster als Ort der Begegnung zu st\u00e4rken<\/span><\/li>\n<li><span>d<\/span><span>ie F\u00f6rderung ehrenamtlichen Engagements (auch als Hilfestellungen im Alltag der Schwestern)<\/span><\/li>\n<li><span>d<\/span><span>ie ideelle und materielle Unterst\u00fctzung der Schwestern bei Projekten, \u00fcber die wir im Vorfeld informieren<\/span><span>,<\/span><\/li>\n<li><span>s<\/span><span>pirituelle und kulturelle Veranstaltungen anzubieten bzw. zu erm\u00f6glichen<\/span><\/li>\n<\/ul>\n<p>[\/et_pb_accordion_item][et_pb_accordion_item title=&#8220;Als Vereinsmitglied &#8230;&#8220; open_toggle_text_color=&#8220;#70232b&#8220; closed_toggle_text_color=&#8220;#0C71C3&#8243; icon_color=&#8220;#0C71C3&#8243; toggle_icon=&#8220;&#x49;||divi||400&#8243; _builder_version=&#8220;4.27.2&#8243; _module_preset=&#8220;default&#8220; body_text_color=&#8220;#70232b&#8220; box_shadow_style=&#8220;preset1&#8243; box_shadow_vertical=&#8220;0px&#8220; box_shadow_blur=&#8220;0px&#8220; box_shadow_spread=&#8220;2px&#8220; box_shadow_color=&#8220;#70232b&#8220; global_colors_info=&#8220;{}&#8220; toggle_font=&#8220;|600|||||||&#8220; open=&#8220;off&#8220;]<\/p>\n<ul>\n<li><span>s<\/span><span>ind Sie eingeladen, an spirituellen und sonstigen Angeboten des Klosters und des Vereines teilzunehmen<\/span><\/li>\n<li>sind die Schwestern mit ihrem Gebet f\u00fcr Sie und Ihre Anliegen da<\/li>\n<li><span>s<\/span><span>ind Sie eingebettet in eine Weggemeinschaft mit Menschen, die die Werte der Schwesterngemeinschaft teilen<\/span><\/li>\n<\/ul>\n<p>[\/et_pb_accordion_item][et_pb_accordion_item title=&#8220;Vereinsvorstand ab 9.10.2025&#8243; open_toggle_text_color=&#8220;#70232b&#8220; closed_toggle_text_color=&#8220;#0C71C3&#8243; icon_color=&#8220;#0C71C3&#8243; toggle_icon=&#8220;&#x49;||divi||400&#8243; _builder_version=&#8220;4.27.6&#8243; _module_preset=&#8220;default&#8220; body_text_color=&#8220;#70232b&#8220; hover_enabled=&#8220;0&#8243; box_shadow_style=&#8220;preset1&#8243; box_shadow_vertical=&#8220;0px&#8220; box_shadow_blur=&#8220;0px&#8220; box_shadow_spread=&#8220;2px&#8220; box_shadow_color=&#8220;#70232b&#8220; global_colors_info=&#8220;{}&#8220; toggle_font=&#8220;|600|||||||&#8220; open=&#8220;off&#8220; sticky_enabled=&#8220;0&#8243;]<\/p>\n<p>Obfrau: Maria Sumereder<br \/>Stellvertreter: Josef Gruber<br \/>Kassier: Hannes Breitwieser<br \/>Stellvertreter: Roland Grammerst\u00e4tter<br \/>Schriftf\u00fchrerin: Theresia Steinmaurer<br \/>Stellvertreter: Franz Stacheneder<\/p>\n<p>Rechnungspr\u00fcferinnen: <span>Christine Eckmair<\/span><span>,\u00a0<\/span><span>Maria Derntl<\/span><\/p>\n<p><span>Weitere Vorstandsmitglieder: Priorin Sr. Hanna Jurman<\/span><span>,\u00a0<\/span><span>Sr. Marta Bayer, Monika W\u00fcrthinger,\u00a0<\/span>Reinhold Prinz,\u00a0Katharina Sturmaier<\/p>\n<p>&nbsp;<\/p>\n<p><span><\/p>\n<p><\/span><\/p>\n<p>&nbsp;<\/p>\n<p>[\/et_pb_accordion_item][et_pb_accordion_item title=&#8220;Mitgliedschaft&#8220; open_toggle_text_color=&#8220;#70232b&#8220; closed_toggle_text_color=&#8220;#0C71C3&#8243; icon_color=&#8220;#0C71C3&#8243; toggle_icon=&#8220;&#x49;||divi||400&#8243; _builder_version=&#8220;4.27.4&#8243; _module_preset=&#8220;default&#8220; body_text_color=&#8220;#70232b&#8220; box_shadow_style=&#8220;preset1&#8243; box_shadow_vertical=&#8220;0px&#8220; box_shadow_blur=&#8220;0px&#8220; box_shadow_spread=&#8220;2px&#8220; box_shadow_color=&#8220;#70232b&#8220; global_colors_info=&#8220;{}&#8220; toggle_font=&#8220;|600|||||||&#8220; open=&#8220;off&#8220;]<\/p>\n<p><span>Als\u00a0<\/span><span>ordentliches\u00a0<\/span><span>Mitglied entrichten Sie den festgesetzten Mitgliedsbeitrag und beteiligen sich nach Ihren M\u00f6glichkeiten aktiv an den T\u00e4tigkeiten des Vereins.<\/span><\/p>\n<p><span>Als\u00a0<\/span><span>unterst\u00fctzendes<\/span><span>\u00a0Mitglied f\u00f6rdern Sie die Anliegen des Vereins durch die Zahlung eines erh\u00f6hten Mitgliedsbeitrags.<\/span><\/p>\n<p><span>Wir laden Sie ein, dem Freundeskreis der Benediktinerinnen vom Unbefleckten Herzen Mariens beizutreten und hei\u00dfen Sie herzlich willkommen.<\/span><\/p>\n<p><a href=\"https:\/\/www.freundeskreis-benediktinerinnen.at\/wordpress\/wp-content\/uploads\/2024\/10\/Folder-Freundeskreis_web.pdf\"><span>Folder Freundeskreis<\/span><\/a><\/p>\n<p><a href=\"https:\/\/www.freundeskreis-benediktinerinnen.at\/wp-content\/uploads\/2024\/10\/Beitrittserklaerung.pdf\" target=\"_blank\" rel=\"noopener\" title=\"Beitrittserkl\u00e4rung\"><span>Download Beitrittserkl\u00e4rung<\/span><\/a><span><a href=\"https:\/\/www.freundeskreis-benediktinerinnen.at\/wp-content\/uploads\/2024\/10\/Beitrittserklaerung.pdf\" target=\"_blank\" rel=\"noopener\" title=\"Beitrittserkl\u00e4rung\">\u00a0<\/a>(pdf Dokument)<\/span><\/p>\n<p>&nbsp;<\/p>\n<table border=\"1\" style=\"border-collapse: collapse; width: 100%;\">\n<tbody>\n<tr>\n<td style=\"width: 50%;\">Ordentliches Mitglied<\/td>\n<td style=\"width: 50%; text-align: right;\">Jahresbeitrag \u20ac 25,-<\/td>\n<\/tr>\n<tr>\n<td style=\"width: 50%;\"><span>Unterst\u00fctzendes Mitglied<\/span><span>\u00a0<\/span><span>(Privatperson)<\/span><\/td>\n<td style=\"width: 50%; text-align: right;\">Jahresbeitrag \u20ac 50,-<\/td>\n<\/tr>\n<tr>\n<td style=\"width: 50%;\"><span>Unterst\u00fctzendes Mitglied<\/span><span>\u00a0<\/span><span>(Firma\/Institution)<\/span><\/td>\n<td style=\"width: 50%; text-align: right;\">Jahresbeitrag \u20ac 100,-<\/td>\n<\/tr>\n<\/tbody>\n<\/table>\n<p>[\/et_pb_accordion_item][\/et_pb_accordion][\/et_pb_column][et_pb_column type=&#8220;2_5&#8243; _builder_version=&#8220;4.27.2&#8243; _module_preset=&#8220;default&#8220; global_colors_info=&#8220;{}&#8220;][et_pb_heading title=&#8220;Crux Sancti Patris Benedicti&#8220; _builder_version=&#8220;4.27.2&#8243; _module_preset=&#8220;default&#8220; title_font=&#8220;|600|||||||&#8220; title_text_align=&#8220;center&#8220; title_text_color=&#8220;#70232b&#8220; title_line_height=&#8220;1.1em&#8220; animation_style=&#8220;fold&#8220; global_colors_info=&#8220;{}&#8220;][\/et_pb_heading][\/et_pb_column][\/et_pb_row][\/et_pb_section]<\/p>\n","protected":false},"excerpt":{"rendered":"<p>das Kloster als Lebens- und Glaubensraum in der Region zu vernetzen das Kloster als Ort der Begegnung zu st\u00e4rken die F\u00f6rderung ehrenamtlichen Engagements (auch als Hilfestellungen im Alltag der Schwestern) die ideelle und materielle Unterst\u00fctzung der Schwestern bei Projekten, \u00fcber die wir im Vorfeld informieren, spirituelle und kulturelle Veranstaltungen anzubieten bzw. zu erm\u00f6glichen sind Sie [&hellip;]<\/p>\n","protected":false},"author":1,"featured_media":0,"parent":0,"menu_order":0,"comment_status":"closed","ping_status":"closed","template":"","meta":{"_et_pb_use_builder":"on","_et_pb_old_content":"<!-- wp:divi\/placeholder \/-->","_et_gb_content_width":"","footnotes":""},"class_list":["post-15","page","type-page","status-publish","hentry"],"_links":{"self":[{"href":"https:\/\/www.freundeskreis-benediktinerinnen.at\/index.php?rest_route=\/wp\/v2\/pages\/15","targetHints":{"allow":["GET"]}}],"collection":[{"href":"https:\/\/www.freundeskreis-benediktinerinnen.at\/index.php?rest_route=\/wp\/v2\/pages"}],"about":[{"href":"https:\/\/www.freundeskreis-benediktinerinnen.at\/index.php?rest_route=\/wp\/v2\/types\/page"}],"author":[{"embeddable":true,"href":"https:\/\/www.freundeskreis-benediktinerinnen.at\/index.php?rest_route=\/wp\/v2\/users\/1"}],"replies":[{"embeddable":true,"href":"https:\/\/www.freundeskreis-benediktinerinnen.at\/index.php?rest_route=%2Fwp%2Fv2%2Fcomments&post=15"}],"version-history":[{"count":51,"href":"https:\/\/www.freundeskreis-benediktinerinnen.at\/index.php?rest_route=\/wp\/v2\/pages\/15\/revisions"}],"predecessor-version":[{"id":476,"href":"https:\/\/www.freundeskreis-benediktinerinnen.at\/index.php?rest_route=\/wp\/v2\/pages\/15\/revisions\/476"}],"wp:attachment":[{"href":"https:\/\/www.freundeskreis-benediktinerinnen.at\/index.php?rest_route=%2Fwp%2Fv2%2Fmedia&parent=15"}],"curies":[{"name":"wp","href":"https:\/\/api.w.org\/{rel}","templated":true}]}}